e -2*s - 2*s + 48 = 0. Let b = -1 + s. Calculate the greatest common factor of 44 and b.
11
Let o = -8 + 13. Suppose i + 36 = o*i. Suppose 3*x = -12, -4*t - 4*x = -3*x - 32. What is the highest common factor of t and i?
9
Let f(r) = 6*r + 2. Let s be ((-4)/(-6))/(2/(-6)). Let z be f(s). Let k = z - -22. What is the greatest common divisor of 3 and k?
3
Let j be (-1)/6 - 75/(-18). Suppose -x + j*x = 9. Calculate the greatest common divisor of x and 2.
1
Let u(i) = -i**2 + 24*i + 3. Let m be u(14). What is the highest common factor of 13 and m?
13
Let z(c) = -c + 7. Let y be z(7). Let f(v) = -v**3 - v**2 + 3. Let o be f(y). Calculate the greatest common factor of o and 33.
3
Suppose 9*p - 25*p + 1600 = 0. Calculate the greatest common divisor of p and 250.
50
Let y(a) = a**3 - 22*a**2 + a - 21. Let l be y(22). Suppose -98 = -2*k + 12. Suppose 4*h = -h + k. Calculate the greatest common factor of l and h.
1
Let y(h) = -5*h - 1. Let t be y(-1). Suppose w = -w, -t*b = 2*w - 16. Calculate the highest common divisor of 36 and b.
4
Let q(d) = 68*d + 12. Let z be q(5). Calculate the highest common factor of 32 and z.
32
Let v(q) = 11*q + 11 + 3*q**2 - 7 - 4*q. Suppose z + 2 = -2. Let l be v(z). What is the highest common factor of 16 and l?
8
Let t be (0 - (1 + -1)) + 16. Suppose -18 = f - 10*f. Calculate the highest common divisor of f and t.
2
Suppose 33 = 3*a - 0*s + s, 2*s + 34 = 4*a. Let h be (-3828)/(-20) + 6/a. Calculate the greatest common factor of h and 24.
24
Suppose -3*f + 8 = -1. Suppose -7*y + f*y + 40 = -5*b, 0 = 4*y + b - 16. Let q = 3 - -2. What is the highest common divisor of y and q?
5
Let n = -195 - -551. Suppose 4*w - n = 124. What is the highest common divisor of 15 and w?
15
Let q be 10/3*(-6)/(-4). Let t(g) = -2*g - 1. Let l be t(-1). Let h be (-2 + 5)*l - -12. Calculate the greatest common divisor of q and h.
5
Let s be (-4 + 2)*(0 - 84). Suppose -171*q + 264 = -160*q. What is the greatest common factor of s and q?
24
Suppose 0 = 2*j + 2, 3*j + j - 16 = 5*x. Let t be 1/(x/(-12)) + 77. Calculate the greatest common factor of 20 and t.
20
Let k = -332 + 575. What is the greatest common factor of k and 9?
9
Suppose 3*u + 3 = -5*l + 9, 4*l = -5*u - 3. Suppose 4*o - 4*w - 4 = 4, -l*w - 4 = -4*o. Let t be (-1)/(o/192*2). Calculate the highest common factor of t and 6.
6
Let u(r) = r**3 + 17*r**2 + 7*r - 12. Let s be u(-16). Calculate the highest common factor of s and 12.
12
Let o(j) = -6*j**3 + 2*j + 1. Let a be o(-1). Let k be 9*(0/2 + 5). Calculate the highest common divisor of k and a.
5
Suppose 12 = 22*x - 19*x. Calculate the highest common factor of 28 and x.
4
Suppose 16*d = 13*d + 231. Calculate the highest common divisor of d and 7.
7
Let d = 4 - 1. Let o be d/6 - 5/(-2). Suppose -24 = -6*y + o*y. Calculate the greatest common factor of 88 and y.
8
Let j(t) = 2*t. Let f = 6 + -1. Let c be j(f). Calculate the greatest common divisor of c and 5.
5
Suppose 0 = -2*z - 3*z + 45. Calculate the highest common factor of 3 and z.
3
Suppose -z + 74 = 2*z - u, 54 = 3*z + 3*u. What is the greatest common factor of 69 and z?
23
Let s be (20 + -2)/(2 + -1). What is the greatest common divisor of s and 90?
18
Suppose -2*u + 2 = -2. Let w = u + 12. Calculate the highest common factor of 56 and w.
14
Let k be 30/(-5)*2/(-6). Suppose k*q - 5*a = 12, -q + 6 = 4*a - 3*a. Calculate the greatest common factor of 15 and q.
3
Let r(t) = t**3 + 5*t**2 - 8*t. Let a be r(-6). Let w = 4 + -1. Let c = 9 - w. Calculate the greatest common factor of c and a.
6
Suppose 0 = -39*i + 37*i + 18. Calculate the greatest common divisor of i and 36.
9
Suppose 0 = -36*c + 38*c - 4. Let i = 5 - 3. What is the greatest common divisor of c and i?
2
Suppose 0 = -t - 0*t + 56. Suppose 0*a - t = -4*a - 3*q, -3*a + 5*q + 13 = 0. What is the highest common divisor of 22 and a?
11
Let w = -8 - -21. What is the greatest common factor of 104 and w?
13
Let b(r) = -r**3 + 6*r**2 - 5*r + 5. Let k be b(5). Let u = 4 + k. What is the highest common factor of u and 27?
9
Suppose -5 = h - 5*a, -h + 4*h + a - 17 = 0. Suppose 0*w + 370 = -h*w. Let x be (-1)/(-2 + w/(-38)). Calculate the greatest common factor of 95 and x.
19
Suppose -132 = -7*h + 6*h. Calculate the greatest common divisor of 12 and h.
12
Suppose -2*p - 10 = -7*p. Suppose -5*v + 2*v = 3*q - 222, 152 = p*q + 3*v. What is the highest common divisor of 10 and q?
10
Suppose -f - 72 = -13*f. Suppose 4 = 5*t - 6. Calculate the greatest common factor of t and f.
2
Suppose 3 - 43 = -5*b. What is the highest common factor of b and 20?
4
Let l be 2/6 + (-4)/12. Suppose -5*o - 2*d = -25, 2*d + l*d - 15 = -3*o. What is the greatest common factor of 2 and o?
1
Let b = -3 + 9. Suppose -4*d - 2*l = 12, -2*d - b = 3*d - 2*l. Let w be ((-3)/d)/((-3)/(-40)). What is the highest common factor of w and 5?
5
Let m be ((-96)/30)/(1/(-5)). Suppose 0 = 5*j - 64 - m. Calculate the greatest common factor of j and 32.
16
Let u(p) = 2*p**2 - 2*p - 2. Let d be u(2). Let a be 4/2 - (-3 - -3). Let v be 15/a - (-3)/d. What is the greatest common divisor of v and 27?
9
Let o(y) = y**3 + y + 45. Let k be o(0). Calculate the greatest common factor of 10 and k.
5
Let r(z) = -7*z - 23. Let y be r(-14). Let p = -19 - -34. Calculate the highest common divisor of p and y.
15
Let k = 179 - 59. Calculate the greatest common divisor of 48 and k.
24
Suppose -q - 67 = -r - 0*r, 4*r = -2*q + 298. What is the highest common divisor of 9 and r?
9
Let p be 15/9 + 1/3. Suppose -c - 16 = -p*c. Suppose -5*x + 17 = -3. What is the highest common factor of c and x?
4
Let z = 358 - 1093. Let x = -517 - z. Suppose -4*t + 758 = x. Calculate the greatest common factor of 15 and t.
15
Suppose -2*q + 189 = i + 4*i, i = 3*q - 275. What is the greatest common divisor of 230 and q?
46
Let k be (3 + -2)*-1 + -26. Let w be (1 + k)*(-1)/2. What is the highest common factor of w and 13?
13
Let g = -144 - -200. Calculate the greatest common factor of g and 7.
7
Suppose 0 = j - 33 - 27. Suppose 0*o + 3*o - j = 0. Calculate the greatest common factor of 80 and o.
20
Let n(l) = l**3 + 7*l**2 + l + 4. Let t be n(-7). Let y(w) = w**2 - 2*w. Let k be y(t). What is the greatest common factor of 60 and k?
15
Let k(i) = -2*i - 7. Let o be k(-13). What is the greatest common divisor of o and 209?
19
Suppose b + 32 = 3*b. Let d be 6 - (-1 + 2 + 2). Let a be (d - (4 + 0)) + 5. What is the highest common divisor of a and b?
4
Let k(y) = -y**3 + 8*y**2 - 6*y. Let g be k(5). Let s = 0 - -18. What is the highest common factor of g and s?
9
Let u be (-4)/(-10) - 2013/(-55). What is the greatest common divisor of 37 and u?
37
Let i = -29 - -31. Calculate the highest common divisor of 2 and i.
2
Suppose 4*q = -2*k - 66, k - 80 = 5*q + 3*k. Let f = q + 10. Let p be (-2)/(-4) - 390/f. What is the highest common factor of 14 and p?
14
Let v be (-3)/(-2) + 10/4. Suppose -v*m - 3*j = -2*j + 11, 11 = -3*m + 2*j. Let u be 2/m + (-56)/(-3). Calculate the greatest common divisor of u and 198.
18
Let y(t) = 5*t**2 + 3*t + 2. Let n(j) = -j**2 + 6*j - 2. Let w be n(6). Let x be y(w). What is the greatest common divisor of 2 and x?
2
Suppose 0 = 2*w + 7 + 15. Let b = -9 - w. Let q = 6 - b. What is the greatest common divisor of 12 and q?
4
Let d(j) = j + 2 - 6 - 5*j**2 + 5*j**2 + j**2. Let z be d(-4). Let s be -25*(24/(-15))/1. Calculate the greatest common factor of z and s.
8
Let c(i) be the first derivative of i**3 + i**2 + 3*i - 7. Let k be c(5). Calculate the greatest common factor of k and 11.
11
Let b(t) = -17*t + 4. Let k be b(-3). Let i(q) = 3*q + 4. Let d be i(-3). Let f = d + 27. Calculate the highest common factor of k and f.
11
Let j(t) = -17*t - 4. Let h be j(-1). What is the greatest common divisor of 52 and h?
13
Let t = -19 + 30. What is the greatest common factor of t and 11?
11
Let c = 3 + 2. Let t = 43 + -28. Calculate the greatest common factor of t and c.
5
Suppose 0 = 3*p - 84 - 96. Calculate the highest common divisor of p and 24.
12
Let z = 59 + 25. Calculate the highest common divisor of z and 42.
42
Let m = 15 + -5. Let o = m + -50. Let w be 15/(-2)*128/o. What is the greatest common divisor of 6 and w?
6
Let u(g) = -11*g. Suppose 2*m - 3*m = 2. Let o be u(m). Suppose 0 = y - 0*y - 11